, 2*i - i - 5*f = 19. Let o be ((-9)/12)/(i/(-4)). Determine n(o).
0
Let k(p) = p + 3. Let g(d) = d**3 - 16*d**2 - 15*d - 40. Let r be g(17). Give k(r).
-3
Let n(g) be the first derivative of -g**2/2 - 8*g - 8. Calculate n(-6).
-2
Let v = 4 + 3. Let k(c) = -v*c + c + 5*c - 2. What is k(3)?
-5
Let t(s) = s**2 - 4*s - 2. Suppose 5*l + 20 + 0 = 0. Let g = -1 - l. Calculate t(g).
-5
Let n(h) = h**3 - 4*h**2 - 3*h - 6. Suppose 0 = 5*m - 6 - 9. Suppose 8 + 9 = m*g - 2*a, g + 5*a = 0. What is n(g)?
4
Let i(x) = 10*x**2 + 6 - 2*x**3 - x - 3*x**2 + 3 + x**3. Calculate i(7).
2
Let j(g) = -g**3 - 2*g**2 + 2*g + 1. Let t(k) = k**3 + k**2 - 2*k. Let r be -2 + 11/(33/18). Let x(p) = r*j(p) + 3*t(p). Determine x(-5).
-6
Suppose 3*s - 2*s + 6 = 0. Let k(u) = -u**3 - 7*u**2 - 9*u - 8. Give k(s).
10
Let y(z) = 5*z - 2. Let m(o) = -o - 1. Let v(x) = 3*m(x) - y(x). Give v(1).
-9
Suppose -2*f + 0 = -12. Let w(r) = r**3 - 6*r**2 + r - 7. Let h be w(f). Let g(c) = 18*c - 24. Let q(t) = t - 1. Let n(j) = g(j) - 24*q(j). Give n(h).
6
Suppose 0 = -3*r - 4*t - 17, 12 = -0*r - 3*r - 3*t. Let j be 2/((-6)/(-15)*r). Let d(c) = c + j*c - 5*c - 1. Calculate d(5).
4
Suppose -2*i - 4 - 32 = 0. Let n be 2/9 + 58/i. Let a = n - -2. Let q(k) = -6*k - 1. Determine q(a).
5
Let i(h) = -h**3 - h**2 + 1. Let q(l) = -l + 6. Let v be q(0). Let z(m) = -5*m**3 - 9*m**2 + 3*m + 4. Let a(k) = v*i(k) - z(k). Give a(2).
0
Let p(m) = 3*m + 3 - 3 - 7. Let y = -10 - 6. Let k = y + 21. Give p(k).
8
Let l = 88 + -91. Let h(x) = 2*x**2 + 0*x**3 + 0*x + x**3 - 3*x - 4. Give h(l).
-4
Let g(p) = 3*p - 14. Let q(h) = 4*h - 15. Let i(m) = 6*g(m) - 5*q(m). Let o(z) = z - 13. Let s be o(6). Calculate i(s).
5
Let o(j) = j**2 - 1 - 3 - 1. What is o(-4)?
11
Let i(c) = 5*c + 3*c + 4*c - 4 - 11*c. Give i(0).
-4
Suppose x + 2*q = 1 - 3, 4*x + 29 = -q. Let f(a) = a**2 + 9*a + 7. Calculate f(x).
-1
Let s(r) = -r**3 - 5*r**2 + 5*r - 1. Let y(p) = p**3 + 4*p**2 - 5*p. Let h(t) = 2*s(t) + 3*y(t). Give h(-3).
4
Suppose -10 = -5*x - 25. Let m(j) = -6*j**2 - 17*j + 12. Let w(b) = 2*b**2 + 6*b - 4. Let n(z) = -3*m(z) - 8*w(z). What is n(x)?
5
Let q(c) = 36*c - 77*c - 2 + 2*c**2 + 39*c. What is q(4)?
22
Suppose -2*h = 10, -3*h = -0*n + 2*n + 7. Let b(j) = 2*j - 5*j + 6*j - n*j. Determine b(-1).
1
Let m(g) = g**3 + 4*g**2 + 2*g + 2. Let a(x) = x**3 + 3*x**2 - 5*x - 7. Let k be a(-4). Determine m(k).
5
Let g(r) = -r**3 + 11*r**2 + 3. Let n be g(11). Let b(h) = 11 - 4*h**2 + h + h**n - 11. Determine b(3).
-6
Let n(i) = 0*i**3 + 2*i**3 - i**3 - 5*i**2 + 3 + i**2. What is n(3)?
-6
Let v(c) = -15*c - 4. Let g(r) = -7*r - 2. Let h(w) = 13*g(w) - 6*v(w). Give h(-4).
2
Let x(v) be the second derivative of v**5/4 + v**4/12 - v**3/6 - v**2/2 + 2*v. Let f = -4 + 3. Let s be -1 - -3 - (f + 4). What is x(s)?
-4
Let n(t) = t**3 + 10*t**2 + 8*t - 11. Let q be 3 + 94/(-8) + (-3)/12. What is n(q)?
-2
Let c(a) = -a**2 + 7*a - 4. Suppose 23 = 7*o - 3*o + d, -12 = -4*d. What is c(o)?
6
Let h(u) = -2*u + 6*u**3 - 2*u**3 - 4*u**2 + 2 + 3*u**2 - 2*u**3. What is h(2)?
10
Let o(q) = q**2 + 4*q + 4. Suppose -4*i - i = -50. Suppose -i = 4*b - 2*b. What is o(b)?
9
Let y = -39 + 42. Let m(n) = n**2 + n. Let v(x) = 2*x**2 + 2*x + 1. Let o(i) = -3*m(i) + v(i). Give o(y).
-11
Suppose 4 + 5 = -3*k, 2*k + 1 = -r. Let y(w) = w**3 + 2*w + r*w**2 + 0*w**3 + 4 + w - w. What is y(-5)?
-6
Suppose -25 = -6*h + h, 0 = -2*m + 2*h. Suppose 2*d = m + 5. Let c(i) = -i**2 + 3*i + 1. Calculate c(d).
-9
Let w be 9/(-1*(-1 + 0)). Let o(v) = 0 - 4 - 8*v + w*v. Give o(4).
0
Let h be 3*4/(2 + -6). Let a be h/((-18)/3)*-10. Let r(t) = -t - 8. What is r(a)?
-3
Let g(c) be the first derivative of c**4/4 + 2*c**3/3 - c**2 + c - 17. What is g(-3)?
-2
Let j(m) be the third derivative of -m**6/120 - m**5/60 + m**4/24 + m**3/3 - 2*m**2. Calculate j(2).
-8
Let w(z) be the third derivative of -7*z**4/24 - z**3/6 + z**2. Let q(n) = n. Let t be q(1). Suppose d - t = -2. Calculate w(d).
6
Let b(x) = -x**2 + 3. Let g be b(2). Let i(o) = -2*o**2 - o. Calculate i(g).
-1
Let y = -1 - -3. Let s(z) = -5 + 6*z**y + 2*z - 2*z + z**3 - 2*z + 6*z. What is s(-5)?
0
Let a(k) = k**3 - 2*k**2 + 1. Let o(q) be the third derivative of 1/6*q**3 + 0 + 1/60*q**5 + 0*q - 2*q**2 - 1/8*q**4. Let w be o(2). Calculate a(w).
-2
Let c(g) be the third derivative of g**6/120 - g**5/10 + 5*g**4/24 - 5*g**3/6 - 16*g**2. Give c(5).
-5
Suppose 3*c = -5*n - 34, c - 4*c = 2*n + 19. Let b(h) = h**2 + 4*h - 3. What is b(n)?
2
Let m(n) be the second derivative of n**5/20 - n**4/3 - n**3/6 + 2*n**2 + n. Suppose 16 = g + 5. Suppose 2*p - g - 3 = 2*k, 5*p = k + 23. Give m(p).
0
Suppose 2*b = 6 + 12. Let v = 7 - b. Let m(d) = -d**3 - d**2 + 3*d + 2. Determine m(v).
0
Let f(w) = w - 1. Let p(s) = -2*s + 13. Let q(n) = f(n) + p(n). What is q(6)?
6
Let q(s) = s**3 - 3*s**2 - 6*s + 5. Let z be q(4). Suppose 12 = -v + 5*v. Let b(l) = v*l - 3*l - 7 - l. Determine b(z).
-4
Let p(k) = -k**2 - 5*k + 3. Let h be p(-6). Let r(u) = -u**2 + 5*u**2 + 3*u + 3*u**3 - 2*u**3 - 3. Give r(h).
-3
Let t(g) be the second derivative of -g**3/6 - 4*g**2 - 3*g. Determine t(-7).
-1
Let q(o) = -o - 2. Let l be q(-5). Suppose 5*s + l*i + 18 = 0, 0 = -5*s + 2*i - 7 - 6. Let n(m) = -m**2 - 4*m - 2. Give n(s).
1
Let u(c) = c**3 - 2*c**2 - 2*c - 3. Suppose -4*o = -2*o - 6. Let r be u(o). Let b(q) be the first derivative of -q**3/3 + 3*q + 5. What is b(r)?
3
Let p be 4 - 5/((-5)/(-3)). Let o(k) = 10*k**3 - k**2 + k - 1. Determine o(p).
9
Let w(p) = -p**2 + 2*p - 4. Let m(z) = 7*z - 39. Let q be m(6). What is w(q)?
-7
Let l be (-2)/2 - (-10 + -2). Suppose 41 - l = -2*n. Let b be (-6)/(-15)*n/3. Let g(u) = u**3 + 2*u + 3. What is g(b)?
-9
Let o(z) be the second derivative of z**5/60 - z**4/6 - z**3/3 - z**2 + 4*z. Let r(t) be the first derivative of o(t). Give r(5).
3
Let w(s) be the second derivative of -5*s**4/6 - s**3/6 + s**2/2 + 6*s. Determine w(1).
-10
Let s be (-6)/4 - 2/(-4). Let y(b) = 7*b + 6. Let u(q) = 7*q + 7. Let d(x) = 5*u(x) - 6*y(x). Calculate d(s).
6
Suppose -4*c = -c + 2*r - 17, 2*c = -5*r + 26. Suppose -6*o + 78 = -c*o. Let z be o/6 - 2/6. Let i(b) = -2*b**2 + 6*b - 2. Give i(z).
-10
Let f(n) = -1. Let u(z) = 2*z**2 - 5*z + 8. Let v = -21 - -37. Let r = -10 + v. Let o(a) = r*f(a) + u(a). What is o(3)?
5
Let t(x) = 3*x**2 - 8*x + 5. Let v(s) = -7*s**2 + 17*s - 11. Let l(u) = 5*t(u) + 2*v(u). What is l(6)?
3
Suppose 5*s - 3 = 4*m + 6, -3*s - 4*m + 31 = 0. Suppose 5 = s*o - 0. Let i(z) = -z + 6*z**2 - 16 + 16. Give i(o).
5
Let k(z) be the first derivative of z**2/2 + 24. What is k(2)?
2
Let f be ((1 - 1) + -4)/(-2). Suppose -1 = -f*r - 5. Let v(t) = -5*t**2 + 6*t**2 - 951*t + 949*t + 1. What is v(r)?
9
Let d be (-4)/10 + 32/5. Let m = -4 + 10. Let y(h) = -h - 2*h + d + m*h. Calculate y(-4).
-6
Let h(a) = a**2 + 5*a - 4. Let d(z) = -z**2 - 6*z + 5. Let b(k) = 3*d(k) + 4*h(k). Let f be b(1). Let i(q) = q**2 - q. Determine i(f).
2
Let s = 37 - 12. Suppose d + 2*o - 9 = 0, o + 4*o - s = -5*d. Let n(b) = d - 3 - 5*b - 1 + 2*b**2. Calculate n(4).
9
Let q(v) = -v**3 - 3*v**2 + 3*v. Let i be (-6 - (-160)/25)/(2/(-20)). Give q(i).
4
Suppose -1 - 1 = -n. Let g(r) = r - r - 3*r - 3*r**n - r**3. Give g(-2).
2
Suppose 2*p - 4 = -0. Let k be 2/3 + (-20)/(-6). Let w(o) = -6*o + 2*o - o**3 + k + 4*o**2 - 1. What is w(p)?
3
Let j(g) be the second derivative of -3*g - 3*g**2 + 0 + 1/6*g**3. Calculate j(5).
-1
Let n(o) = -4*o**2 + o + 1. Suppose 4*j + 4 = -4*b - 0*j, -4*j = 16. Let k be b/((-3)/(0 + 9)). Let w be (-6)/9 - (-3)/k. What is n(w)?
-4
Let g(v) = -v**3 + 5*v**2 - 4*v. Let i be 6/6*3*1. Give g(i).
6
Let j(r) be the first derivative of r + 2 + 5/2*r**2. Calculate j(1).
6
Let i(g) = 2*g + 3. Let n = -18 + 14. Determine i(n).
-5
Let c(t) = 7 + 7*t + t**2 - 1 - 12 + 2. Determine c(-7).
-4
Let o(w) = w**3 - 11*w**2 - w + 9. Let c be o(11). Let t(n) = -n**3 + 3*n**2 - 2. Give t(c).
18
Let p(d) = d**3 + 6*d**2 + 4*d + 4. Let m be (7/(-14))/(2/20). What is p(m)?
9
Let w = -4 - -3. Let v be ((-18)/(-24))/(w/(-4)). Let l(c) = c - 1. Let q(i) = 5*i - 6. Let p(x) = -3*l(x) + q(x). Determine p(v).
3
Let i(b) = b**2 - b - 1. Let u be i(-2). Let l(f) = 0*f**3 + 6*f**3 + 0*f**3 - u*f**3 - 7*f**2 + 7*f + 1. Calculate l(6).
7
Let l(y) = -y**3 - 8*y**2 + 9*y + 5. Let